{"id":76,"date":"2022-02-19T13:48:22","date_gmt":"2022-02-19T12:48:22","guid":{"rendered":"http:\/\/rasputin.fritz.box\/?page_id=76"},"modified":"2022-10-25T09:18:44","modified_gmt":"2022-10-25T07:18:44","slug":"liegeplatz","status":"publish","type":"page","link":"https:\/\/www.rv-rheinsberg.de\/?page_id=76","title":{"rendered":"Liegeplatz"},"content":{"rendered":"\n<p>Der Rheinsberger Ruderverein 1910 e.V. gelegen an der wundersch\u00f6nen Rheinsberger Seenkette ist Mitglied der gelben Welle. Er verf\u00fcgt \u00fcber einen 32 m langen Anlegesteg der es Motorbootfahrern erm\u00f6glicht, dort anzulegen und die Stadt zu erkunden oder wer es m\u00f6chte kann dem Schlo\u00df einen Besuch abstatten. Denn bis dort sind es nur 500 m. Aber wer etwas l\u00e4nger bleiben m\u00f6chte hat auch die M\u00f6glichkeit am Steg zu \u00fcbernachten. Es ist ein Strom- und Wasseranschluss vorhanden. Gleichzeitig kann man eine separate Sanit\u00e4reinrichtung (Waschraum Dusche WC) nutzen. Aber auch an die Wassersportler ist gedacht, es gibt einen Anlegesteg f\u00fcr Kanuten und Kajakfahrer, die sich auf dem Gel\u00e4nde unter einem Pavillon entspannen oder auf dem Zeltplatz \u00fcbernachten k\u00f6nnen.<\/p>\n","protected":false},"excerpt":{"rendered":"<p>Der Rheinsberger Ruderverein 1910 e.V. gelegen an der wundersch\u00f6nen Rheinsberger Seenkette ist Mitglied der gelben Welle. Er verf\u00fcgt \u00fcber einen 32 m langen Anlegesteg der es Motorbootfahrern erm\u00f6glicht, dort anzulegen &#8230;<\/p>\n","protected":false},"author":1,"featured_media":327,"parent":0,"menu_order":0,"comment_status":"closed","ping_status":"closed","template":"","meta":{"footnotes":""},"class_list":["post-76","page","type-page","status-publish","has-post-thumbnail","hentry"],"_links":{"self":[{"href":"https:\/\/www.rv-rheinsberg.de\/index.php?rest_route=\/wp\/v2\/pages\/76","targetHints":{"allow":["GET"]}}],"collection":[{"href":"https:\/\/www.rv-rheinsberg.de\/index.php?rest_route=\/wp\/v2\/pages"}],"about":[{"href":"https:\/\/www.rv-rheinsberg.de\/index.php?rest_route=\/wp\/v2\/types\/page"}],"author":[{"embeddable":true,"href":"https:\/\/www.rv-rheinsberg.de\/index.php?rest_route=\/wp\/v2\/users\/1"}],"replies":[{"embeddable":true,"href":"https:\/\/www.rv-rheinsberg.de\/index.php?rest_route=%2Fwp%2Fv2%2Fcomments&post=76"}],"version-history":[{"count":2,"href":"https:\/\/www.rv-rheinsberg.de\/index.php?rest_route=\/wp\/v2\/pages\/76\/revisions"}],"predecessor-version":[{"id":412,"href":"https:\/\/www.rv-rheinsberg.de\/index.php?rest_route=\/wp\/v2\/pages\/76\/revisions\/412"}],"wp:featuredmedia":[{"embeddable":true,"href":"https:\/\/www.rv-rheinsberg.de\/index.php?rest_route=\/wp\/v2\/media\/327"}],"wp:attachment":[{"href":"https:\/\/www.rv-rheinsberg.de\/index.php?rest_route=%2Fwp%2Fv2%2Fmedia&parent=76"}],"curies":[{"name":"wp","href":"https:\/\/api.w.org\/{rel}","templated":true}]}}