{"id":16,"date":"2022-02-19T12:59:43","date_gmt":"2022-02-19T11:59:43","guid":{"rendered":"http:\/\/rasputin.fritz.box\/?page_id=16"},"modified":"2022-10-15T11:13:05","modified_gmt":"2022-10-15T09:13:05","slug":"verein","status":"publish","type":"page","link":"https:\/\/www.rv-rheinsberg.de\/?page_id=16","title":{"rendered":"Verein"},"content":{"rendered":"\n<p class=\"has-medium-font-size\"><strong>Gr\u00fcndung: 16.03.1910<\/strong><\/p>\n\n\n\n<p><strong>Gr\u00fcndungsmitglieder:<\/strong>&nbsp; Rektor Gernberg; Kaufmann Poscich Inhaber Carmolfabrik, Max Paul, Hans Steffen, Scheibel, Kurt Barsch, Erwin Ramlow, RA Porth, Franz Hoffmann, Siegfried Sch\u00fctze, Dieter Klein, M. Lamprecht, Alfred Bringmann, Heinz Thurmann,  Fischer Pieper; B\u00e4cker Schulz<\/p>\n\n\n\n<figure class=\"wp-block-image size-large is-style-default\"><img decoding=\"async\" src=\"https:\/\/www.rv-rheinsberg.de\/wp-content\/uploads\/2022\/04\/chronik1.jpeg\" alt=\"\"\/><\/figure>\n\n\n\n<p>Vorsitzender wurde Rektor Gernberg sein Stellvertreter der Kaufmann Poscich.<\/p>\n\n\n\n<p class=\"has-drop-cap\">Hundertzehn Jahre Rudern in Rheinsberg, nicht viele Vereine k\u00f6nnen auf so eine lange Vereinstradition zur\u00fcckblicken.<\/p>\n\n\n\n<p>Im Laufe dieser 110 Jahre durchlebten der Verein und dessen Mitglieder viele H\u00f6hen und Tiefen. Durch die Mitglieder und deren unerm\u00fcdlichen Einsatz wurden die Tiefen gemeistert und die H\u00f6hen gefeiert.<\/p>\n\n\n\n<p>Viele Generationen erfreuen sich am Rudersport in Rheinsberg, diesen Ruderinnen und Ruderern verdanken wir, dass wir heute an der wundersch\u00f6nen Rheinsberger Seenkette eines der sch\u00f6nsten Bootsh\u00e4user im Land Brandenburg als Heimst\u00e4tte haben.<\/p>\n\n\n\n<p>Besonderem Dank gilt unserem Ehrenvorsitzenden Eberhard Nusch, ohne dessen unerm\u00fcdlichen Einsatz und Sachverstand, w\u00e4re der Wiederaufbau der Rudersektion in den 60er Jahren und der Neuanfang nach den Restitutionsanspr\u00fcchen und den damit verbundenen Neuaufbau des Vereinsgel\u00e4nde mit dem Vereinsheim nicht m\u00f6glich gewesen. Seine erste Heimstatt war in der Schillerstra\u00dfe in der Sporthalle des alten P\u00e4dagogiums. Aber schon nach kurzer Zeit konnte der Club ein neues Bootshaus sein Eigen nennen.<br><\/p>\n\n\n\n<p>Ein reges Vereinsleben entwickelte sich erst nach dem Ersten Weltkrieg und der darauf folgenden Weltwirtschaftskrise, dieses wird durch diverse Festschriften belegt. Man verstand es schon damals, den Sport und das Vergn\u00fcgen miteinander zu verbinden.<br>Mit Ausbruch des Zweiten Weltkrieges wurde das Vereinsleben eingestellt. In den Wirren der Nachkriegszeit ging das gesamte Bootsmaterial verloren.<br>Anfang der 60er Jahre erh\u00e4lt die Heinrich-Rau-Schule 2 C Vierer, die Lehrer Siegfried Sch\u00fctze und Dieter Klein beginnen mit dem Training. <br>Erste Jugendliche: Harendt, Busch, Bauer, Kehrberg, Hoffmann, Dagobert Schulz, Peterson, Udo Barsch, Georg Nantke, Eckart Bartel.<br>Wie der ehemalige Schuldirektor Horst Pischke erz\u00e4hlte, wurde von Seiten der Schule gezielt nach einem ausgebildeten Ruderer gesucht. Man fand ihn in dem Lehrerabsolventen Eberhard Nusch, der im Jahre 1964 DDR Meister im D2 geworden war. Mit seinem Dienstantritt am 1. September 1966 wurde er Trainer und Organisator der SSG (Schulsportgemeinschaft).<\/p>\n\n\n\n<figure class=\"wp-block-gallery has-nested-images columns-default is-cropped wp-block-gallery-1 is-layout-flex wp-block-gallery-is-layout-flex\">\n<figure class=\"wp-block-image size-large is-style-default\"><img decoding=\"async\" src=\"https:\/\/www.rv-rheinsberg.de\/wp-content\/uploads\/2022\/04\/chronik9.jpeg\" alt=\"\"\/><\/figure>\n\n\n\n<figure class=\"wp-block-image size-large is-style-default\"><img decoding=\"async\" src=\"https:\/\/www.rv-rheinsberg.de\/wp-content\/uploads\/2022\/04\/chronik5.jpeg\" alt=\"\"\/><\/figure>\n<\/figure>\n\n\n\n<p>Ab 1970 wurde das ehemalige S\u00e4gewerk unter seiner Leitung und mit Unterst\u00fctzung der damaligen PGH Installation zum Vereinsgel\u00e4nde ausgebaut: Franz Kunow, Siegfried Sch\u00fctze, Hartmut Richter, Eberhard Nusch und Wolfgang Scharf mit seiner G\u00e4rtnerraupe, Horst Lipowski, Hans Lipowski, Gerd Lipowski, Werner Pahl, Rudi Wiedrich, Eckard Schwemmin, Eberhard Tuchen, Robert K\u00f6pernick sowie die Sch\u00fcler J\u00f6rg Pahl, Norbert Knop, Klaus Pierau, Norbert Arndt, Wolfgang Zinser waren die Aktivsten zu dieser Zeit. Gleichzeitig wurde kontinuierlich die Bootsflotte ausgebaut. Der Schwerpunkt lag im Kinder- und Jugendsport, \u00fcber 100 Kinder und Jugendliche waren zeitweise Mitglieder des Vereins. T\u00e4glich war Trainingsbetrieb, in den Sommermonaten wurden Trainingslager auf dem Vereinsgel\u00e4nde organisiert, im Winter fanden Trainingslager in Wernigerode und Bleicherode statt. Viele Wanderfahrten u. a. Moldau-Elbe, M\u00fcritz, Schwerin, Brandenburg.<br><br>Im Jahre 1970 wurde die SG Dynamo Oberschule Rheinsberg in die SSG Dynamo Rheinsberg umgewandelt. Den Vorsitz \u00fcbernahm der Feuerwehrmann des KKW Gerhard Schmidt.<br>Es wurde eine 1.500 m Regattastrecke mit Au\u00dfenverseilung auf dem Grienericksee geschaffen. Dadurch war es dem Verein m\u00f6glich, auch in Rheinsberg erfolgreich Regatten durchzuf\u00fchren. Im Juli und Oktober fanden j\u00e4hrlich Regatten statt. Es waren Vereine aus der gesamten DDR zu Gast, um hier ihre Kr\u00e4fte zu messen. H\u00f6hepunkte im Regattabetrieb waren die Dynamomeisterschaften 1977 sowie die Bezirksmeisterschaften 1985<\/p>\n\n\n\n<p>Besuchte Regatten bis 1990<br>&#8211; Kreismeisterschaften<br>&#8211; Kreisspartakiaden<br>&#8211; Bezirksmeisterschaften<br>&#8211; Bezirksspartakiaden DDR<br>&#8211; Meisterschaften DDR<br>&#8211; Spartakiade<\/p>\n\n\n\n<p><strong>Ausz\u00fcge einer erfolgreichen Regattabeteiligung<\/strong><\/p>\n\n\n\n<figure class=\"wp-block-table is-style-regular\"><table><tbody><tr><td><strong>Regatten 1974<\/strong><\/td><td>Sieg<\/td><td>2<\/td><td>3<\/td><td>4<\/td><td>5<\/td><td>6<\/td><\/tr><tr><td>Regatta Plaue \/ Havel<\/td><td>1<\/td><td>2<\/td><td>4<\/td><td>&nbsp;<\/td><td>&nbsp;<\/td><td>&nbsp;<\/td><\/tr><tr><td>Regatta Rheinsberg<\/td><td>&nbsp;<\/td><td>3<\/td><td>8<\/td><td>&nbsp;<\/td><td>&nbsp;<\/td><td>&nbsp;<\/td><\/tr><tr><td>Kreisspartakiade Kyritz<\/td><td>4<\/td><td>&nbsp;<\/td><td>7<\/td><td>7<\/td><td>&nbsp;<\/td><td>&nbsp;<\/td><\/tr><tr><td>Qualifikation Gr\u00fcnau<\/td><td>&nbsp;<\/td><td>2<\/td><td>1<\/td><td>&nbsp;<\/td><td>&nbsp;<\/td><td>&nbsp;<\/td><\/tr><tr><td>Bezirksspartakiade Brandenburg<\/td><td>&nbsp;<\/td><td>&nbsp;<\/td><td>2<\/td><td>3<\/td><td>2<\/td><td>2<\/td><\/tr><tr><td>Bezirksmeisterschaft Werder<\/td><td>&nbsp;<\/td><td>1<\/td><td>1<\/td><td>2<\/td><td>5<\/td><td>1<\/td><\/tr><tr><td><strong>Regatten 1975<\/strong><\/td><td>Sieg<\/td><td>2<\/td><td>3<\/td><td>4<\/td><td>5<\/td><td>6<\/td><\/tr><tr><td>Rathenow<\/td><td>6<\/td><td>5<\/td><td>5<\/td><td>5<\/td><td>5<\/td><td>&nbsp;<\/td><\/tr><tr><td>Plaue<\/td><td>3<\/td><td>4<\/td><td>5<\/td><td>6<\/td><td>&nbsp;<\/td><td>&nbsp;<\/td><\/tr><tr><td>Potsdam<\/td><td>2<\/td><td>4<\/td><td>3<\/td><td>5<\/td><td>3<\/td><td>&nbsp;<\/td><\/tr><tr><td>Rheinsberg<\/td><td>1<\/td><td>7<\/td><td>11<\/td><td>6<\/td><td>1<\/td><td>&nbsp;<\/td><\/tr><tr><td>Brandenburg<\/td><td>&nbsp;<\/td><td>3<\/td><td>1<\/td><td>2<\/td><td>2<\/td><td>1<\/td><\/tr><tr><td>Bezirksmeisterschaften<\/td><td>1<\/td><td>3<\/td><td>4<\/td><td>4<\/td><td>1<\/td><td>1<\/td><\/tr><tr><td>Kreisspartakiade<\/td><td>4<\/td><td>8<\/td><td>7<\/td><td>8<\/td><td>4<\/td><td>3<\/td><\/tr><tr><td>DDR Meisterschaft<\/td><td>&nbsp;<\/td><td>&nbsp;<\/td><td>&nbsp;<\/td><td>1<\/td><td>&nbsp;<\/td><td>&nbsp;<\/td><\/tr><tr><td>Kinder &amp; Jugendspartakiade<\/td><td>&nbsp;<\/td><td>&nbsp;<\/td><td>&nbsp;<\/td><td>&nbsp;<\/td><td>1<\/td><td>&nbsp;<\/td><\/tr><tr><td>Werder<\/td><td>4<\/td><td>7<\/td><td>6<\/td><td>2<\/td><td>1<\/td><td>&nbsp;<\/td><\/tr><tr><td>Kyritz<\/td><td>6<\/td><td>7<\/td><td>3<\/td><td>3<\/td><td>4<\/td><td>2<\/td><\/tr><tr><td>Magdeburg<\/td><td>7<\/td><td>7<\/td><td>7<\/td><td>2<\/td><td>1<\/td><td>&nbsp;<\/td><\/tr><tr><td>Brandenburg<\/td><td>2<\/td><td>5<\/td><td>3<\/td><td>3<\/td><td>3<\/td><td>3<\/td><\/tr><\/tbody><\/table><\/figure>\n\n\n\n<p><strong>Internationale Erfolge<\/strong><\/p>\n\n\n\n<figure class=\"wp-block-table is-style-regular\"><table><tbody><tr><td>Elke Steffen<\/td><td>Olympiakader<\/td><td>1976<\/td><\/tr><tr><td>Ute Baudis<\/td><td>Juniorenweltmeiste<\/td><td>R8m 1986<\/td><\/tr><tr><td>Jens Burow<\/td><td>Vizeweltmeister<\/td><td>D4o 1998<\/td><\/tr><\/tbody><\/table><\/figure>\n\n\n\n<p><strong>Nationale Erfolge<\/strong><\/p>\n\n\n\n<figure class=\"wp-block-table is-style-regular\"><table><tbody><tr><td>DDR Meister<\/td><td>&nbsp;<\/td><\/tr><tr><td>Eberhard Nusch<\/td><td>1964 D2<\/td><\/tr><tr><td>Detlef Binder, Frank Jensch, Stm Bj\u00f6rn Ferdinand<\/td><td>1978 R2m<\/td><\/tr><tr><td>Jens Burow<\/td><td>D1 1983, 1985<\/td><\/tr><tr><td>DDR Meisterschaften 2. Platz<\/td><td>&nbsp;<\/td><\/tr><tr><td>Heiko Schwibbe<\/td><td>1988 D4m<\/td><\/tr><tr><td>Sten Socher, Lars-Uwe Rau, Lars Lexow, Guido Haak, Mathias Schulz<\/td><td>1984 R8m<\/td><\/tr><tr><td>Michael Schnell, Lars Lexow, Karsten Heintz, Lars-Uwe Rau<\/td><td>1989 R8m<\/td><\/tr><tr><td>Diana Dombrowski<\/td><td>1988 D1<\/td><\/tr><tr><td>DDR Meisterschaften 3. Platz<\/td><td>&nbsp;<\/td><\/tr><tr><td>Heiko Schwibbe, Lars M\u00fcther<\/td><td>1988 R4m<\/td><\/tr><tr><td>Mathias Schulz<\/td><td>1988 D4m<\/td><\/tr><\/tbody><\/table><\/figure>\n\n\n\n<p>Die Rheinsberger Ruderer haben mit ihrem guten und erfolgreichen Auftreten die Stadt und die Rheinsberger Gew\u00e4sser in der DDR bekannt gemacht. Intensives Training, vor allen durch die \u00dcbungsleiter Eberhard Nusch und J\u00f6rg Pahl, legte die Basis f\u00fcr zahlreiche Erfolge. Viele Obersch\u00fcler \u00fcbernahmen Trainingsgruppen, Volker Pischke, Uwe Steffen, Martina Zinser, Wolfgang Zinser, J\u00f6rg und Petra Lipowski, Ralf M\u00fcller, Petra Witt, Britta Heintz und viele andere.<\/p>\n\n\n\n<p><\/p>\n\n\n\n<p class=\"has-drop-cap\">Nach der Wende besann sich der Verein auf alte Traditionen und nahm 1990 den alten Namen \u201eRuderverein Rheinsberg 1910 e.V.\u201c wieder an.<\/p>\n\n\n\n<p>Zum Vorsitzenden wurde Eberhard Nusch gew\u00e4hlt.<\/p>\n\n\n\n<p>Am 03.10.1990 wurde ein Partnerschaftsvertrag mit dem Ruderverein L\u00fcdinghausen abgeschlossen. H\u00f6hepunkt der Partnerschaft ist der j\u00e4hrliche Fernwettkampf am 3. Oktober \u201e1000-km Rudern\u201c. Sieger ist der Verein, der an diesem Tag die meisten Kilometer rudert.<\/p>\n\n\n\n<p>1997 musste der Verein das Vereinsgel\u00e4nde und seine baulichen Anlagen wegen R\u00fcck\u00fcbertragungsanspr\u00fcchen r\u00e4umen.<br>Es entstand eine sehr schwierige Situation f\u00fcr den Verein. Vor allen Dingen dem Engagement und der \u00dcberzeugungsarbeit von Eberhard Nusch, sind das Weiterbestehen des Vereins und der Neubau eines Vereinshauses zu verdanken. Viele Vereinsmitglieder unterst\u00fctzten ihn durch ihren freiwilligen Einsatz. Besonders zu erw\u00e4hnen sind J\u00f6rg und Werner Pahl, Horst Lipowski.<\/p>\n\n\n\n<figure class=\"wp-block-gallery has-nested-images columns-default is-cropped wp-block-gallery-2 is-layout-flex wp-block-gallery-is-layout-flex\">\n<figure class=\"wp-block-image size-large is-style-default\"><img decoding=\"async\" src=\"https:\/\/www.rv-rheinsberg.de\/wp-content\/uploads\/2022\/04\/chronik11.jpeg\" alt=\"\"\/><\/figure>\n\n\n\n<figure class=\"wp-block-image size-large is-style-default\"><img decoding=\"async\" src=\"https:\/\/www.rv-rheinsberg.de\/wp-content\/uploads\/2022\/04\/chronik12.jpeg\" alt=\"\"\/><\/figure>\n<\/figure>\n\n\n\n<p>Gleichzeitig wurde unter den neuen Bedingungen ein geordneter Trainings- und Wettkampfbetrieb aufgebaut.<\/p>\n\n\n\n<p>An Regatten in Fern und Nah wurde teilgenommen. Bernburg, Hamburg, Schwerin und v. m. Das Durchschnittsalter \u00e4nderte sich. Neben einer starken Kinder- und Jugendarbeit entwickelte sich auch eine \u201eJungseniorengruppe\u201c.<br>Britta Heintz wurde im Jahre 2005 von den Lesern der M\u00e4rkischen Allgemeinen zur Trainerin des Jahres gew\u00e4hlt.<br>Ab dem Jahre 2000 \u00fcbernimmt Michael M\u00fccke den Vorsitz im Verein. Eberhard Nusch wird zum Ehrenvorsitzenden ernannt. Auch in den Jahren 2003 &amp; 2004 wurde erfolgreich an Regatten in Bernburg, Schwerin, Werder, Brandenburg teilgenommen.<\/p>\n\n\n\n<p><strong>H\u00f6hepunkt 2003<br><\/strong>Jugend trainiert f\u00fcr Olympia Bundesfinale Platz 4 D4m mnl und Platz 6 D4m wbl<\/p>\n\n\n\n<p><strong>H\u00f6hepunkt 2004<br><\/strong>4. Platz D4m mnl Sebastian Bartel, Robert Pl\u00f6tz, Alexander Kroschel, Robert Schenk, Stm Maskow.<br>1. Platz D4m wbl Katarina Pahl, Lena Eckelmann, Sarah Kiehn, Katarina Schr\u00f6der Stf Stefanie Pahl.<\/p>\n\n\n\n<p>Es wurden Landesmeisterschaften sowie Regatten von Hamburg bis Salzgitter besucht.<br>Durch die Aufl\u00f6sung der Gymnasialen Oberstufe in Rheinsberg im Jahre 2005 fehlte dem Verein pl\u00f6tzlich der Nachwuchs. Es kam zum extremen R\u00fcckgang der Kinder- und Jugendarbeit, da durch die langen Fahrzeiten zur Schule ein Trainingsbetrieb kaum noch m\u00f6glich war.<br>Das Durchschnittsalter im Verein stieg durch den Wegfall der Gymnasialen Oberstufe. Aus dem reinen Regattabetrieb entwickelte sich der Breitensport mit dem Wanderrudern. Gleichzeitig haben ehemalige Ruderer mit dem Training begonnen, um sich in Masters-Regatten mit anderen Sportlern zu messen.<br>Neben dem Breitensport wird auch wieder aktiv mit Kindern gearbeitet. Hier hat sich Katrin L\u00fcpke besonders verdient gemacht.<\/p>\n\n\n\n<div class=\"wp-block-file\"><a id=\"wp-block-file--media-5f3574b1-69cc-42ca-9a00-c7cff22ef01e\" href=\"http:\/\/dev.rv-rheinsberg.de\/wp-content\/uploads\/2022\/09\/Chronik.pdf\">Chronik<\/a><a href=\"http:\/\/dev.rv-rheinsberg.de\/wp-content\/uploads\/2022\/09\/Chronik.pdf\" class=\"wp-block-file__button\" download aria-describedby=\"wp-block-file--media-5f3574b1-69cc-42ca-9a00-c7cff22ef01e\">Herunterladen<\/a><\/div>\n\n\n\n<p><\/p>\n","protected":false},"excerpt":{"rendered":"<p>Gr\u00fcndung: 16.03.1910 Gr\u00fcndungsmitglieder:&nbsp; Rektor Gernberg; Kaufmann Poscich Inhaber Carmolfabrik, Max Paul, Hans Steffen, Scheibel, Kurt Barsch, Erwin Ramlow, RA Porth, Franz Hoffmann, Siegfried Sch\u00fctze, Dieter Klein, M. Lamprecht, Alfred Bringmann, &#8230;<\/p>\n","protected":false},"author":1,"featured_media":273,"parent":0,"menu_order":0,"comment_status":"closed","ping_status":"closed","template":"","meta":{"footnotes":""},"class_list":["post-16","page","type-page","status-publish","has-post-thumbnail","hentry"],"_links":{"self":[{"href":"https:\/\/www.rv-rheinsberg.de\/index.php?rest_route=\/wp\/v2\/pages\/16","targetHints":{"allow":["GET"]}}],"collection":[{"href":"https:\/\/www.rv-rheinsberg.de\/index.php?rest_route=\/wp\/v2\/pages"}],"about":[{"href":"https:\/\/www.rv-rheinsberg.de\/index.php?rest_route=\/wp\/v2\/types\/page"}],"author":[{"embeddable":true,"href":"https:\/\/www.rv-rheinsberg.de\/index.php?rest_route=\/wp\/v2\/users\/1"}],"replies":[{"embeddable":true,"href":"https:\/\/www.rv-rheinsberg.de\/index.php?rest_route=%2Fwp%2Fv2%2Fcomments&post=16"}],"version-history":[{"count":14,"href":"https:\/\/www.rv-rheinsberg.de\/index.php?rest_route=\/wp\/v2\/pages\/16\/revisions"}],"predecessor-version":[{"id":404,"href":"https:\/\/www.rv-rheinsberg.de\/index.php?rest_route=\/wp\/v2\/pages\/16\/revisions\/404"}],"wp:featuredmedia":[{"embeddable":true,"href":"https:\/\/www.rv-rheinsberg.de\/index.php?rest_route=\/wp\/v2\/media\/273"}],"wp:attachment":[{"href":"https:\/\/www.rv-rheinsberg.de\/index.php?rest_route=%2Fwp%2Fv2%2Fmedia&parent=16"}],"curies":[{"name":"wp","href":"https:\/\/api.w.org\/{rel}","templated":true}]}}